{"id":5202,"date":"2025-01-31T12:37:57","date_gmt":"2025-01-31T11:37:57","guid":{"rendered":"https:\/\/www.dgft.de\/?post_type=ajde_events&#038;p=5202"},"modified":"2025-02-01T09:29:32","modified_gmt":"2025-02-01T08:29:32","slug":"regionaltagung-nord-der-deutschen-musiktherapeutischen-gesellschaft","status":"publish","type":"ajde_events","link":"https:\/\/www.dgft.de\/en\/events\/regionaltagung-nord-der-deutschen-musiktherapeutischen-gesellschaft\/","title":{"rendered":"Regionaltagung Nord"},"content":{"rendered":"\n<p>Traditionell m\u00f6chten wir auch in diesem Jahr zur Regionaltagung in Hamburg einladen. Neben Mitgliedern der Deutschen<\/p>\n\n\n\n<p>Musiktherapeutischen Gesellschaft (DMtG) aus der Region Nord m\u00f6chten wir in diesem Jahr im Sinne der (kreativen)<\/p>\n\n\n\n<p>Vernetzung und des interdisziplin\u00e4ren Austauschs auch ganz herzlich Therapeut:innen aller K\u00fcnstlerischer Therapien<\/p>\n\n\n\n<p>willkommen hei\u00dfen.<\/p>\n\n\n\n<p>Neben Raum f\u00fcr gemeinsames Improvisieren, Ausr\u00fccken und \u201eviben\u201c, m\u00f6chten wir auch den fachlichen und<\/p>\n\n\n\n<p>berufspolitischen Austausch anregen. Den Gro\u00dfteil der Tagung werden wir in interdisziplin\u00e4ren Fachgruppen Anregungen teilen, Interventionen vorstellen und hinterfragen oder \u00fcber unsere berufspolitische Zukunft diskutieren.<\/p>\n\n\n\n<p>Hierf\u00fcr werden wir einige Materialen bereitstellen. Herzlich laden wir aber auch dazu ein, Materialen, Instrumente, T\u00fccher, \u2026<\/p>\n\n\n\n<p>mitzubringen. Womit dr\u00fcckt ihr euch besonders gern aus? Wir sind gespannt!!<\/p>\n\n\n\n<p>Getr\u00e4nke (Tee, Kaffee) werden vor Ort gestellt. F\u00fcr das traditionelle \u201eMitbringbuffet\u201c laden wir auch zu einem kulinarischen Austausch ein. S\u00fc\u00dfe und herzhafte Snacks sind gern gesehen.<\/p>\n\n\n\n<p>Zum Nachweis der Teilnahme an der Veranstaltung wird eine Best\u00e4tigung ausgeh\u00e4ndigt. Es sind 5 Fortbildungspunkte beantragt.<\/p>\n\n\n\n<p>Anmeldung bitte bis zum 28.02.2025 <\/p>\n","protected":false},"author":213,"featured_media":0,"menu_order":0,"comment_status":"closed","ping_status":"closed","template":"","meta":{"_bbp_topic_count":0,"_bbp_reply_count":0,"_bbp_total_topic_count":0,"_bbp_total_reply_count":0,"_bbp_voice_count":0,"_bbp_anonymous_reply_count":0,"_bbp_topic_count_hidden":0,"_bbp_reply_count_hidden":0,"_bbp_forum_subforum_count":0},"tags":[],"event_type":[],"event_type_2":[],"event_type_3":[94],"class_list":["post-5202","ajde_events","type-ajde_events","status-publish","hentry","event_location-hochschule-fuer-musik-und-theater-hamburg","event_organizer-deutschen-musiktherapeutischen-gesellschaft-dmtg","event_type_3-tagungen"],"_links":{"self":[{"href":"https:\/\/www.dgft.de\/en\/wp-json\/wp\/v2\/ajde_events\/5202","targetHints":{"allow":["GET"]}}],"collection":[{"href":"https:\/\/www.dgft.de\/en\/wp-json\/wp\/v2\/ajde_events"}],"about":[{"href":"https:\/\/www.dgft.de\/en\/wp-json\/wp\/v2\/types\/ajde_events"}],"author":[{"embeddable":true,"href":"https:\/\/www.dgft.de\/en\/wp-json\/wp\/v2\/users\/213"}],"replies":[{"embeddable":true,"href":"https:\/\/www.dgft.de\/en\/wp-json\/wp\/v2\/comments?post=5202"}],"wp:attachment":[{"href":"https:\/\/www.dgft.de\/en\/wp-json\/wp\/v2\/media?parent=5202"}],"wp:term":[{"taxonomy":"post_tag","embeddable":true,"href":"https:\/\/www.dgft.de\/en\/wp-json\/wp\/v2\/tags?post=5202"},{"taxonomy":"event_type","embeddable":true,"href":"https:\/\/www.dgft.de\/en\/wp-json\/wp\/v2\/event_type?post=5202"},{"taxonomy":"event_type_2","embeddable":true,"href":"https:\/\/www.dgft.de\/en\/wp-json\/wp\/v2\/event_type_2?post=5202"},{"taxonomy":"event_type_3","embeddable":true,"href":"https:\/\/www.dgft.de\/en\/wp-json\/wp\/v2\/event_type_3?post=5202"}],"curies":[{"name":"wp","href":"https:\/\/api.w.org\/{rel}","templated":true}]}}

<p>Traditionell möchten wir auch in diesem Jahr zur Regionaltagung in Hamburg einladen. Neben Mitgliedern der Deutschen</p>



<p>Musiktherapeutischen Gesellschaft (DMtG) aus der Region Nord möchten wir in diesem Jahr im Sinne der (kreativen)</p>



<p>Vernetzung und des interdisziplinären Austauschs auch ganz herzlich Therapeut:innen aller Künstlerischer Therapien</p>



<p>willkommen heißen.</p>



<p>Neben Raum für gemeinsames Improvisieren, Ausrücken und „viben“, möchten wir auch den fachlichen und</p>



<p>berufspolitischen Austausch anregen. Den Großteil der Tagung werden wir in interdisziplinären Fachgruppen Anregungen teilen, Interventionen vorstellen und hinterfragen oder über unsere berufspolitische Zukunft diskutieren.</p>



<p>Hierfür werden wir einige Materialen bereitstellen. Herzlich laden wir aber auch dazu ein, Materialen, Instrumente, Tücher, …</p>



<p>mitzubringen. Womit drückt ihr euch besonders gern aus? Wir sind gespannt!!</p>



<p>Getränke (Tee, Kaffee) werden vor Ort gestellt. Für das traditionelle „Mitbringbuffet“ laden wir auch zu einem kulinarischen Austausch ein. Süße und herzhafte Snacks sind gern gesehen.</p>



<p>Zum Nachweis der Teilnahme an der Veranstaltung wird eine Bestätigung ausgehändigt. Es sind 5 Fortbildungspunkte beantragt.</p>



<p>Anmeldung bitte bis zum 28.02.2025 </p>
