{"id":5223,"date":"2025-02-18T12:16:14","date_gmt":"2025-02-18T11:16:14","guid":{"rendered":"https:\/\/www.dgft.de\/?post_type=ajde_events&#038;p=5223"},"modified":"2025-02-18T12:16:15","modified_gmt":"2025-02-18T11:16:15","slug":"netzwerk-berlin","status":"publish","type":"ajde_events","link":"https:\/\/www.dgft.de\/en\/events\/netzwerk-berlin\/","title":{"rendered":"Netzwerk Berlin"},"content":{"rendered":"\n<p>Im Fokus steht der Austausch \u00fcber aktuelle Themen, gegenseitige Inspiration und Vernetzung. Wir bieten Raum f\u00fcr Anliegen im Arbeitsbereich und Ausbildungskontext und erm\u00f6glichen es, eigene Projekte vorzustellen.<\/p>\n","protected":false},"author":213,"featured_media":0,"menu_order":0,"comment_status":"closed","ping_status":"closed","template":"","meta":{"_bbp_topic_count":0,"_bbp_reply_count":0,"_bbp_total_topic_count":0,"_bbp_total_reply_count":0,"_bbp_voice_count":0,"_bbp_anonymous_reply_count":0,"_bbp_topic_count_hidden":0,"_bbp_reply_count_hidden":0,"_bbp_forum_subforum_count":0},"tags":[],"event_type":[97],"event_type_2":[],"event_type_3":[],"class_list":["post-5223","ajde_events","type-ajde_events","status-publish","hentry","event_organizer-dgft-netzwerk-berlin","event_type-netzwerk"],"_links":{"self":[{"href":"https:\/\/www.dgft.de\/en\/wp-json\/wp\/v2\/ajde_events\/5223","targetHints":{"allow":["GET"]}}],"collection":[{"href":"https:\/\/www.dgft.de\/en\/wp-json\/wp\/v2\/ajde_events"}],"about":[{"href":"https:\/\/www.dgft.de\/en\/wp-json\/wp\/v2\/types\/ajde_events"}],"author":[{"embeddable":true,"href":"https:\/\/www.dgft.de\/en\/wp-json\/wp\/v2\/users\/213"}],"replies":[{"embeddable":true,"href":"https:\/\/www.dgft.de\/en\/wp-json\/wp\/v2\/comments?post=5223"}],"wp:attachment":[{"href":"https:\/\/www.dgft.de\/en\/wp-json\/wp\/v2\/media?parent=5223"}],"wp:term":[{"taxonomy":"post_tag","embeddable":true,"href":"https:\/\/www.dgft.de\/en\/wp-json\/wp\/v2\/tags?post=5223"},{"taxonomy":"event_type","embeddable":true,"href":"https:\/\/www.dgft.de\/en\/wp-json\/wp\/v2\/event_type?post=5223"},{"taxonomy":"event_type_2","embeddable":true,"href":"https:\/\/www.dgft.de\/en\/wp-json\/wp\/v2\/event_type_2?post=5223"},{"taxonomy":"event_type_3","embeddable":true,"href":"https:\/\/www.dgft.de\/en\/wp-json\/wp\/v2\/event_type_3?post=5223"}],"curies":[{"name":"wp","href":"https:\/\/api.w.org\/{rel}","templated":true}]}}

<p>Im Fokus steht der Austausch über aktuelle Themen, gegenseitige Inspiration und Vernetzung. Wir bieten Raum für Anliegen im Arbeitsbereich und Ausbildungskontext und ermöglichen es, eigene Projekte vorzustellen.</p>
