{"id":5279,"date":"2025-07-29T09:04:28","date_gmt":"2025-07-29T07:04:28","guid":{"rendered":"https:\/\/www.dgft.de\/?post_type=ajde_events&#038;p=5279"},"modified":"2026-01-24T19:49:56","modified_gmt":"2026-01-24T18:49:56","slug":"jahrestagung-der-wissenschaftlichen-fachgesellschaft-fuer-kuenstlerische-therapien-wfkt","status":"publish","type":"ajde_events","link":"https:\/\/www.dgft.de\/en\/events\/jahrestagung-der-wissenschaftlichen-fachgesellschaft-fuer-kuenstlerische-therapien-wfkt\/","title":{"rendered":"Jahrestagung der Wissenschaftlichen Fachgesellschaft f\u00fcr K\u00fcnstlerische Therapien \/ WFKT"},"content":{"rendered":"\n<p class=\"has-white-background-color has-background\">Die diesj\u00e4hrige Jahrestagung der WFKT widmet sich dem komplexen und systemisch bedeutsamen Thema: Culture &amp; Health im Rahmen von Vortr\u00e4gen und einer interdisziplin\u00e4ren Podiumsdiskussion. Ebenso werden innerhalb der Postersessions wissenschaftliche sowie k\u00fcnstlerisch-forschende Studienprojekte vorgestellt. <\/p>\n\n\n\n<p>Auch gibt es in diesem Jahr wieder eine Pr\u00e4-Tagung der Arbeitsgruppe \u201eJunge Forschung\u201c, die Studierende, Promovierende und Interessierte an Forschung zu einem lebendigen Austausch anregen will. Wir freuen uns, Sie bei der Jahrestagung und Pr\u00e4-Tagung begr\u00fc\u00dfen zu d\u00fcrfen!<\/p>\n\n\n\n<p>Vorstand der WFKT und das Tagungsteam<\/p>\n\n\n\n<p class=\"has-white-background-color has-background\"><\/p>\n","protected":false},"author":246,"featured_media":0,"menu_order":0,"comment_status":"closed","ping_status":"closed","template":"","meta":{"_bbp_topic_count":0,"_bbp_reply_count":0,"_bbp_total_topic_count":0,"_bbp_total_reply_count":0,"_bbp_voice_count":0,"_bbp_anonymous_reply_count":0,"_bbp_topic_count_hidden":0,"_bbp_reply_count_hidden":0,"_bbp_forum_subforum_count":0},"tags":[],"event_type":[],"event_type_2":[],"event_type_3":[94],"class_list":["post-5279","ajde_events","type-ajde_events","status-publish","hentry","event_location-katholische-hochschule-fuer-sozialwesen-berlin","event_organizer-wfkt","event_type_3-tagungen"],"_links":{"self":[{"href":"https:\/\/www.dgft.de\/en\/wp-json\/wp\/v2\/ajde_events\/5279","targetHints":{"allow":["GET"]}}],"collection":[{"href":"https:\/\/www.dgft.de\/en\/wp-json\/wp\/v2\/ajde_events"}],"about":[{"href":"https:\/\/www.dgft.de\/en\/wp-json\/wp\/v2\/types\/ajde_events"}],"author":[{"embeddable":true,"href":"https:\/\/www.dgft.de\/en\/wp-json\/wp\/v2\/users\/246"}],"replies":[{"embeddable":true,"href":"https:\/\/www.dgft.de\/en\/wp-json\/wp\/v2\/comments?post=5279"}],"wp:attachment":[{"href":"https:\/\/www.dgft.de\/en\/wp-json\/wp\/v2\/media?parent=5279"}],"wp:term":[{"taxonomy":"post_tag","embeddable":true,"href":"https:\/\/www.dgft.de\/en\/wp-json\/wp\/v2\/tags?post=5279"},{"taxonomy":"event_type","embeddable":true,"href":"https:\/\/www.dgft.de\/en\/wp-json\/wp\/v2\/event_type?post=5279"},{"taxonomy":"event_type_2","embeddable":true,"href":"https:\/\/www.dgft.de\/en\/wp-json\/wp\/v2\/event_type_2?post=5279"},{"taxonomy":"event_type_3","embeddable":true,"href":"https:\/\/www.dgft.de\/en\/wp-json\/wp\/v2\/event_type_3?post=5279"}],"curies":[{"name":"wp","href":"https:\/\/api.w.org\/{rel}","templated":true}]}}

Jahrestagung der Wissenschaftlichen Fachgesellschaft für Künstlerische Therapien / WFKT

<p class="has-white-background-color has-background">Die diesjährige Jahrestagung der WFKT widmet sich dem komplexen und systemisch bedeutsamen Thema: Culture &amp; Health im Rahmen von Vorträgen und einer interdisziplinären Podiumsdiskussion. Ebenso werden innerhalb der Postersessions wissenschaftliche sowie künstlerisch-forschende Studienprojekte vorgestellt. </p>



<p>Auch gibt es in diesem Jahr wieder eine Prä-Tagung der Arbeitsgruppe „Junge Forschung“, die Studierende, Promovierende und Interessierte an Forschung zu einem lebendigen Austausch anregen will. Wir freuen uns, Sie bei der Jahrestagung und Prä-Tagung begrüßen zu dürfen!</p>



<p>Vorstand der WFKT und das Tagungsteam</p>



<p class="has-white-background-color has-background"></p>
