{"id":5294,"date":"2025-07-29T08:58:42","date_gmt":"2025-07-29T06:58:42","guid":{"rendered":"https:\/\/www.dgft.de\/?post_type=ajde_events&#038;p=5294"},"modified":"2025-07-29T08:58:45","modified_gmt":"2025-07-29T06:58:45","slug":"jahrestagung-der-aktion-psychisch-kranke-e-v-apk","status":"publish","type":"ajde_events","link":"https:\/\/www.dgft.de\/en\/events\/jahrestagung-der-aktion-psychisch-kranke-e-v-apk\/","title":{"rendered":"Jahrestagung der Aktion Psychisch Kranke e. V. (APK)"},"content":{"rendered":"\n<p><strong>Die Fachtagung wird sich am 03. und 04. November 2025<\/strong> der Thematik <strong><em>&#8220;Demokratie und seelische Gesundheit&#8221;<\/em><\/strong> widmen.Ein Fokus der Tagung wird auf den verschiedenen Problemlagen wie Armut, Obdachlosigkeit, Arbeits- und Besch\u00e4ftigungslosigkeit, Barrieren zur Sozialen Teilhabe, Zugang zu Bildung und Fluchtfolgen in ihrer Wechselwirkung zu Gesundheit und den Handlungs- und Reformbedarfen liegen. Zugleich wird es um die Fragestellung gehen, wie Menschen mit psychischen Beeintr\u00e4chtigungen umfassende Mitspracherechte und Gestaltungsr\u00e4ume erhalten k\u00f6nnen \u2013 sei es in der Versorgung, im Arbeitsleben oder im sozialen und politischen Raum.<\/p>\n\n\n\n<p>Am <strong>05. November 2025<\/strong> wird sich der in Kooperation mit dem Bundesnetzwerk Selbsthilfe seelische Gesundheit e. V. (NetzG) und weiteren Selbsthilfeorganisationen Selbsthilfefachtag zum Thema <strong><em>&#8220;Selbsthilfe im Sozialraum \u2013 Psychisch gesund werden und bleiben&#8221;<\/em><\/strong> anschlie\u00dfen. Unter der Zielsetzung &amp; quotpsychisch gesund werden und bleiben&#8221; wird der Sozialraum mit seiner Funktion und M\u00f6glichkeit unter verschiedenen Fragestellungen beleuchtet.<\/p>\n\n\n\n<p><strong>Aktion Psychisch Kranke e. V.<\/strong><\/p>\n","protected":false},"author":246,"featured_media":0,"menu_order":0,"comment_status":"closed","ping_status":"closed","template":"","meta":{"_bbp_topic_count":0,"_bbp_reply_count":0,"_bbp_total_topic_count":0,"_bbp_total_reply_count":0,"_bbp_voice_count":0,"_bbp_anonymous_reply_count":0,"_bbp_topic_count_hidden":0,"_bbp_reply_count_hidden":0,"_bbp_forum_subforum_count":0},"tags":[],"event_type":[],"event_type_2":[],"event_type_3":[94],"class_list":["post-5294","ajde_events","type-ajde_events","status-publish","hentry","event_location-langenbeck-virchow-haus","event_organizer-aktion-psychisch-kranke-e-v","event_type_3-tagungen"],"_links":{"self":[{"href":"https:\/\/www.dgft.de\/en\/wp-json\/wp\/v2\/ajde_events\/5294","targetHints":{"allow":["GET"]}}],"collection":[{"href":"https:\/\/www.dgft.de\/en\/wp-json\/wp\/v2\/ajde_events"}],"about":[{"href":"https:\/\/www.dgft.de\/en\/wp-json\/wp\/v2\/types\/ajde_events"}],"author":[{"embeddable":true,"href":"https:\/\/www.dgft.de\/en\/wp-json\/wp\/v2\/users\/246"}],"replies":[{"embeddable":true,"href":"https:\/\/www.dgft.de\/en\/wp-json\/wp\/v2\/comments?post=5294"}],"wp:attachment":[{"href":"https:\/\/www.dgft.de\/en\/wp-json\/wp\/v2\/media?parent=5294"}],"wp:term":[{"taxonomy":"post_tag","embeddable":true,"href":"https:\/\/www.dgft.de\/en\/wp-json\/wp\/v2\/tags?post=5294"},{"taxonomy":"event_type","embeddable":true,"href":"https:\/\/www.dgft.de\/en\/wp-json\/wp\/v2\/event_type?post=5294"},{"taxonomy":"event_type_2","embeddable":true,"href":"https:\/\/www.dgft.de\/en\/wp-json\/wp\/v2\/event_type_2?post=5294"},{"taxonomy":"event_type_3","embeddable":true,"href":"https:\/\/www.dgft.de\/en\/wp-json\/wp\/v2\/event_type_3?post=5294"}],"curies":[{"name":"wp","href":"https:\/\/api.w.org\/{rel}","templated":true}]}}

<p><strong>Die Fachtagung wird sich am 03. und 04. November 2025</strong> der Thematik <strong><em>&#8220;Demokratie und seelische Gesundheit&#8221;</em></strong> widmen.Ein Fokus der Tagung wird auf den verschiedenen Problemlagen wie Armut, Obdachlosigkeit, Arbeits- und Beschäftigungslosigkeit, Barrieren zur Sozialen Teilhabe, Zugang zu Bildung und Fluchtfolgen in ihrer Wechselwirkung zu Gesundheit und den Handlungs- und Reformbedarfen liegen. Zugleich wird es um die Fragestellung gehen, wie Menschen mit psychischen Beeinträchtigungen umfassende Mitspracherechte und Gestaltungsräume erhalten können – sei es in der Versorgung, im Arbeitsleben oder im sozialen und politischen Raum.</p>



<p>Am <strong>05. November 2025</strong> wird sich der in Kooperation mit dem Bundesnetzwerk Selbsthilfe seelische Gesundheit e. V. (NetzG) und weiteren Selbsthilfeorganisationen Selbsthilfefachtag zum Thema <strong><em>&#8220;Selbsthilfe im Sozialraum – Psychisch gesund werden und bleiben&#8221;</em></strong> anschließen. Unter der Zielsetzung &amp; quotpsychisch gesund werden und bleiben&#8221; wird der Sozialraum mit seiner Funktion und Möglichkeit unter verschiedenen Fragestellungen beleuchtet.</p>



<p><strong>Aktion Psychisch Kranke e. V.</strong></p>
