{"id":5449,"date":"2026-03-14T10:10:46","date_gmt":"2026-03-14T09:10:46","guid":{"rendered":"https:\/\/www.dgft.de\/?post_type=ajde_events&#038;p=5449"},"modified":"2026-04-19T21:05:53","modified_gmt":"2026-04-19T19:05:53","slug":"arbeitsgruppe-forschung","status":"publish","type":"ajde_events","link":"https:\/\/www.dgft.de\/en\/events\/arbeitsgruppe-forschung\/","title":{"rendered":"Arbeitsgruppe Forschung"},"content":{"rendered":"\n<p>Wir, das sind interessierte und engagierte Menschen, die die Theatertherapie (TT) lieben. Wir haben uns zum Ziel, uns \u00fcber die Theatertherapie auszutauschen. Dabei wollen wir vor allem den praktisch arbeitenden Therapeut*innen helfen ihre ersten Schritte zu tun, Arbeitsergebnisse zu ver\u00f6ffentlichen und weiter an unserem Medium zu forschen.  Wir tauschen uns \u00fcber Literatur und Methoden aus. Hin und wieder geht es um Pers\u00f6nliches oder dann wieder um Themen, die den \u00f6ffentlichen Diskurs betreffen.<\/p>\n\n\n\n<p><\/p>\n\n\n\n<p><\/p>\n","protected":false},"author":246,"featured_media":0,"menu_order":0,"comment_status":"closed","ping_status":"closed","template":"","meta":{"_bbp_topic_count":0,"_bbp_reply_count":0,"_bbp_total_topic_count":0,"_bbp_total_reply_count":0,"_bbp_voice_count":0,"_bbp_anonymous_reply_count":0,"_bbp_topic_count_hidden":0,"_bbp_reply_count_hidden":0,"_bbp_forum_subforum_count":0},"tags":[],"event_type":[92],"event_type_2":[],"event_type_3":[],"class_list":["post-5449","ajde_events","type-ajde_events","status-publish","hentry","event_organizer-dgft-ag-theater-therapie-und-behinderung","event_type-arbeitsgruppen"],"_links":{"self":[{"href":"https:\/\/www.dgft.de\/en\/wp-json\/wp\/v2\/ajde_events\/5449","targetHints":{"allow":["GET"]}}],"collection":[{"href":"https:\/\/www.dgft.de\/en\/wp-json\/wp\/v2\/ajde_events"}],"about":[{"href":"https:\/\/www.dgft.de\/en\/wp-json\/wp\/v2\/types\/ajde_events"}],"author":[{"embeddable":true,"href":"https:\/\/www.dgft.de\/en\/wp-json\/wp\/v2\/users\/246"}],"replies":[{"embeddable":true,"href":"https:\/\/www.dgft.de\/en\/wp-json\/wp\/v2\/comments?post=5449"}],"wp:attachment":[{"href":"https:\/\/www.dgft.de\/en\/wp-json\/wp\/v2\/media?parent=5449"}],"wp:term":[{"taxonomy":"post_tag","embeddable":true,"href":"https:\/\/www.dgft.de\/en\/wp-json\/wp\/v2\/tags?post=5449"},{"taxonomy":"event_type","embeddable":true,"href":"https:\/\/www.dgft.de\/en\/wp-json\/wp\/v2\/event_type?post=5449"},{"taxonomy":"event_type_2","embeddable":true,"href":"https:\/\/www.dgft.de\/en\/wp-json\/wp\/v2\/event_type_2?post=5449"},{"taxonomy":"event_type_3","embeddable":true,"href":"https:\/\/www.dgft.de\/en\/wp-json\/wp\/v2\/event_type_3?post=5449"}],"curies":[{"name":"wp","href":"https:\/\/api.w.org\/{rel}","templated":true}]}}

<p>Wir, das sind interessierte und engagierte Menschen, die die Theatertherapie (TT) lieben. Wir haben uns zum Ziel, uns über die Theatertherapie auszutauschen. Dabei wollen wir vor allem den praktisch arbeitenden Therapeut*innen helfen ihre ersten Schritte zu tun, Arbeitsergebnisse zu veröffentlichen und weiter an unserem Medium zu forschen.  Wir tauschen uns über Literatur und Methoden aus. Hin und wieder geht es um Persönliches oder dann wieder um Themen, die den öffentlichen Diskurs betreffen.</p>



<p></p>



<p></p>
