{"id":4574,"date":"2023-07-04T10:52:04","date_gmt":"2023-07-04T08:52:04","guid":{"rendered":"https:\/\/www.dgft.de\/?post_type=tribe_events&#038;p=4574"},"modified":"2023-07-04T10:52:04","modified_gmt":"2023-07-04T08:52:04","slug":"internationale-fachtagung-zur-therapeutischen-sprachgestaltung-und-dramatherapie","status":"publish","type":"tribe_events","link":"https:\/\/www.dgft.de\/en\/kalender\/internationale-fachtagung-zur-therapeutischen-sprachgestaltung-und-dramatherapie\/","title":{"rendered":"Internationale Fachtagung   zur Therapeutischen Sprachgestaltung und Dramatherapie"},"content":{"rendered":"<p><strong>Sprechen aus der W\u00e4rme &#8211; Das Immunsystem als verk\u00f6rperte Authentizit\u00e4t<\/strong><\/p>\n<p>Die Auseinandersetzung mit der Umwelt \u2013 das ist die zentrale Aufgabe des Immunsystems im Gespr\u00e4ch zwischen innen und au\u00dfen, zwischen \u00abeigen\u00bb und \u00abfremd\u00bb. Es bildet die physiologische Grenze des Selbst. Dabei ist es nur zum Teil ab Geburt vorhanden: Neben der angeborenen Immunabwehr verf\u00fcgt das menschliche Immunsystem auch \u00fcber einen adaptiven Bereich, in dem an die momentanen Umst\u00e4nde angepasste Antworten entwickelt und gespeichert werden k\u00f6nnen.<\/p>\n<p>Unsere menschliche Kommunikation zeigt viele Parallelen auf seelischem Feld. Eindruck und Ausdruck stehen in einem Verh\u00e4ltnis zueinander. Dabei verf\u00fcgen wir \u00fcber die angeborene F\u00e4higkeit zur Interaktion. Wir erwerben im Laufe des Lebens Sprechen und Ausdrucksf\u00e4higkeit und entwickeln ganz individuelle Kommunikationsformen.<\/p>\n<p>Die Auseinandersetzung von Selbst mit Welt wird w\u00e4hrend der Tagung auf verschiedenen Ebenen beleuchtet: in der menschlichen Entwicklung, auf physiologischer Ebene und im Zusammenhang mit den Tierkreiskr\u00e4ften.<\/p>\n<p>Programm u. Anmeldung:\u00a0<a href=\"https:\/\/7dcsw.r.ag.d.sendibm3.com\/mk\/cl\/f\/trCRJOvsGvFUQBBfGFSVwAPkdBdZMKGBIAAHiEbeer31VME37MQNe3WmMTjFXgsTzA6lf1dKobNuNsRKRjorgpB57gTF4sGCgcIVUo2Q3lhYZB8p3oviy_QgH95ufsjwqd2sYG7lx80HxhM32SQSgBgEWnPSgisVqG71X3g3SbAvxIHwLsvqy4-KlECBkupAhqvSKWSXegXbIylAECGQyecyHHiUNpDxakbcV4Sl6sjtd5jCx2PhSABS5HM50WdGyqV8TEgnsk2oFv-vLa7Od-fdsQRC-kYcYP9ioUZhDoIvjt79tWE4RY8UAdVM-pirTnzo51WQfKxkeVrw1m2N57Uw\" target=\"_blank\" rel=\"noopener\">https:\/\/goetheanum.ch\/de\/veranstaltungen\/st2023<\/a><\/p>\n","protected":false},"excerpt":{"rendered":"<p>Im Einklang mit dem Thema der Jahreskonferenz der Medizinischen Sektion 2023 widmen auch<br \/>\nwir uns in unserer \u201eInternationalen Fachtagung zur Therapeutischen Sprachgestaltung und<br \/>\nDramatherapie\u201c dem Immunsystem. <\/p>\n","protected":false},"author":213,"featured_media":0,"template":"","meta":{"_bbp_topic_count":0,"_bbp_reply_count":0,"_bbp_total_topic_count":0,"_bbp_total_reply_count":0,"_bbp_voice_count":0,"_bbp_anonymous_reply_count":0,"_bbp_topic_count_hidden":0,"_bbp_reply_count_hidden":0,"_bbp_forum_subforum_count":0,"_tribe_events_status":"","_tribe_events_status_reason":"","footnotes":""},"tags":[],"tribe_events_cat":[],"class_list":["post-4574","tribe_events","type-tribe_events","status-publish","hentry"],"_links":{"self":[{"href":"https:\/\/www.dgft.de\/en\/wp-json\/wp\/v2\/tribe_events\/4574","targetHints":{"allow":["GET"]}}],"collection":[{"href":"https:\/\/www.dgft.de\/en\/wp-json\/wp\/v2\/tribe_events"}],"about":[{"href":"https:\/\/www.dgft.de\/en\/wp-json\/wp\/v2\/types\/tribe_events"}],"author":[{"embeddable":true,"href":"https:\/\/www.dgft.de\/en\/wp-json\/wp\/v2\/users\/213"}],"version-history":[{"count":1,"href":"https:\/\/www.dgft.de\/en\/wp-json\/wp\/v2\/tribe_events\/4574\/revisions"}],"predecessor-version":[{"id":4575,"href":"https:\/\/www.dgft.de\/en\/wp-json\/wp\/v2\/tribe_events\/4574\/revisions\/4575"}],"wp:attachment":[{"href":"https:\/\/www.dgft.de\/en\/wp-json\/wp\/v2\/media?parent=4574"}],"wp:term":[{"taxonomy":"post_tag","embeddable":true,"href":"https:\/\/www.dgft.de\/en\/wp-json\/wp\/v2\/tags?post=4574"},{"taxonomy":"tribe_events_cat","embeddable":true,"href":"https:\/\/www.dgft.de\/en\/wp-json\/wp\/v2\/tribe_events_cat?post=4574"}],"curies":[{"name":"wp","href":"https:\/\/api.w.org\/{rel}","templated":true}]}}

<p><strong>Sprechen aus der Wärme &#8211; Das Immunsystem als verkörperte Authentizität</strong></p>
<p>Die Auseinandersetzung mit der Umwelt – das ist die zentrale Aufgabe des Immunsystems im Gespräch zwischen innen und außen, zwischen «eigen» und «fremd». Es bildet die physiologische Grenze des Selbst. Dabei ist es nur zum Teil ab Geburt vorhanden: Neben der angeborenen Immunabwehr verfügt das menschliche Immunsystem auch über einen adaptiven Bereich, in dem an die momentanen Umstände angepasste Antworten entwickelt und gespeichert werden können.</p>
<p>Unsere menschliche Kommunikation zeigt viele Parallelen auf seelischem Feld. Eindruck und Ausdruck stehen in einem Verhältnis zueinander. Dabei verfügen wir über die angeborene Fähigkeit zur Interaktion. Wir erwerben im Laufe des Lebens Sprechen und Ausdrucksfähigkeit und entwickeln ganz individuelle Kommunikationsformen.</p>
<p>Die Auseinandersetzung von Selbst mit Welt wird während der Tagung auf verschiedenen Ebenen beleuchtet: in der menschlichen Entwicklung, auf physiologischer Ebene und im Zusammenhang mit den Tierkreiskräften.</p>
<p>Programm u. Anmeldung: <a href="https://7dcsw.r.ag.d.sendibm3.com/mk/cl/f/trCRJOvsGvFUQBBfGFSVwAPkdBdZMKGBIAAHiEbeer31VME37MQNe3WmMTjFXgsTzA6lf1dKobNuNsRKRjorgpB57gTF4sGCgcIVUo2Q3lhYZB8p3oviy_QgH95ufsjwqd2sYG7lx80HxhM32SQSgBgEWnPSgisVqG71X3g3SbAvxIHwLsvqy4-KlECBkupAhqvSKWSXegXbIylAECGQyecyHHiUNpDxakbcV4Sl6sjtd5jCx2PhSABS5HM50WdGyqV8TEgnsk2oFv-vLa7Od-fdsQRC-kYcYP9ioUZhDoIvjt79tWE4RY8UAdVM-pirTnzo51WQfKxkeVrw1m2N57Uw" target="_blank" rel="noopener">https://goetheanum.ch/de/veranstaltungen/st2023</a></p>
