{"id":5149,"date":"2025-01-25T10:43:32","date_gmt":"2025-01-25T09:43:32","guid":{"rendered":"https:\/\/www.dgft.de\/?post_type=tribe_events&#038;p=5149"},"modified":"2025-01-28T10:24:04","modified_gmt":"2025-01-28T09:24:04","slug":"world-art-therapy-festival-prague","status":"publish","type":"tribe_events","link":"https:\/\/www.dgft.de\/en\/kalender\/world-art-therapy-festival-prague\/","title":{"rendered":"World Art Therapy Festival &#8211; Prague"},"content":{"rendered":"<p><span data-contrast=\"auto\"><span class=\"\">Liebe Kolleginnen und Kollegen, liebe Freunde und Kunsttherapie-Interessierte,<\/span><\/span><span data-ccp-props=\"{&quot;134233117&quot;:true,&quot;134233118&quot;:true,&quot;201341983&quot;:0,&quot;335559740&quot;:240}\">\u00a0<\/span><\/p>\n<p><span data-contrast=\"auto\"><span class=\"\">Es ist mir eine gro\u00dfe Freude, Sie zum World Art Therapy Festival einzuladen, das vom 26. bis 28. September 2025 im Hotel Ol\u0161anka in Prag stattfindet. Diese spannende Veranstaltung, die von der MAUT Association organisiert wird, bietet eine einzigartige Gelegenheit, mit Experten und Gleichgesinnten au<\/span><\/span><\/p>\n<p><span data-contrast=\"auto\"><span class=\"\">s der ganzen Welt in Kontakt zu treten, die eine gemeinsame Leidenschaft f\u00fcr Kunsttherapie und ihr transformatives Potenzial verbindet.<\/span><\/span><span data-ccp-props=\"{&quot;134233117&quot;:true,&quot;134233118&quot;:true,&quot;201341983&quot;:0,&quot;335559740&quot;:240}\">\u00a0<\/span><\/p>\n<p><span data-contrast=\"auto\">Im Mittelpunkt des Festivals stehen f\u00fcnf Schl\u00fcsselthemen, die zu tieferer Auseinandersetzung und Reflexion anregen sollen:<\/span><span data-ccp-props=\"{&quot;134233117&quot;:true,&quot;134233118&quot;:true,&quot;201341983&quot;:0,&quot;335559740&quot;:240}\">\u00a0<\/span><\/p>\n<ol>\n<li><span data-contrast=\"auto\">Zwischenmenschliche Beziehungen und Kommunikation<\/span><span data-ccp-props=\"{&quot;134233117&quot;:true,&quot;134233118&quot;:true,&quot;201341983&quot;:0,&quot;335559740&quot;:240}\">\u00a0<\/span><\/li>\n<li><span data-contrast=\"auto\">Selbstentwicklung, Selbstbewusstsein und Selbstvertrauen<\/span><span data-ccp-props=\"{&quot;134233117&quot;:true,&quot;134233118&quot;:true,&quot;201341983&quot;:0,&quot;335559740&quot;:240}\">\u00a0<\/span><\/li>\n<li><span data-contrast=\"auto\">Stress, Burnout, Entspannung und Spannungsabbau<\/span><span data-ccp-props=\"{&quot;134233117&quot;:true,&quot;134233118&quot;:true,&quot;201341983&quot;:0,&quot;335559740&quot;:240}\">\u00a0<\/span><\/li>\n<li><span data-contrast=\"auto\">Der gegenw\u00e4rtige Moment und die Virtualit\u00e4t<\/span><span data-ccp-props=\"{&quot;134233117&quot;:true,&quot;134233118&quot;:true,&quot;201341983&quot;:0,&quot;335559740&quot;:240}\">\u00a0<\/span><\/li>\n<li><span data-contrast=\"auto\">Psychosomatik<\/span><span data-ccp-props=\"{&quot;134233117&quot;:true,&quot;134233118&quot;:true,&quot;201341983&quot;:0,&quot;335559740&quot;:240}\">\u00a0<\/span><\/li>\n<\/ol>\n<div class=\"et_pb_row et_pb_row_6\">\n<div class=\"et_pb_column et_pb_column_3_5 et_pb_column_7 et_pb_css_mix_blend_mode_passthrough\">\n<div class=\"et_pb_module et_pb_text et_pb_text_5 et_pb_text_align_left et_pb_bg_layout_light\">\n<div class=\"et_pb_text_inner\">\n<p><span data-contrast=\"auto\"><span class=\"\">Unser Ziel ist es, einen Raum f\u00fcr Wachstum, Lernen und Verbindung zu schaffen. Wir hei\u00dfen Fachleute aus verschiedenen Bereichen herzlich willkommen, darunter Kunsttherapeuten, P\u00e4dagogen, Psychologen, Physiotherapeuten, \u00c4rzte und Studenten sowie Mitglieder der breiten \u00d6ffentlichkeit, die sich f\u00fcr Kunsttherapie, geistiges Wohlbefinden und einen gesunden Lebensstil interessieren. Auch Familien sind herzlich eingeladen, mitzumachen, denn die Aktivit\u00e4ten sind f\u00fcr Teilnehmer jeden Alters gedacht.<\/span><\/span><span data-ccp-props=\"{&quot;134233117&quot;:true,&quot;134233118&quot;:true,&quot;201341983&quot;:0,&quot;335559740&quot;:240}\">\u00a0<\/span><\/p>\n<\/div>\n<\/div>\n<\/div>\n<\/div>\n<div class=\"et_pb_row et_pb_row_7\">\n<div class=\"et_pb_column et_pb_column_4_4 et_pb_column_9 et_pb_css_mix_blend_mode_passthrough et-last-child\">\n<div class=\"et_pb_module et_pb_text et_pb_text_6 et_pb_text_align_left et_pb_bg_layout_light\">\n<div class=\"et_pb_text_inner\">\n<p><span data-contrast=\"auto\">W\u00e4hrend des gesamten Festivals veranstalten wir ein vielf\u00e4ltiges Angebot an Aktivit\u00e4ten, darunter Workshops, Podiumsdiskussionen, Vortr\u00e4ge und Demonstrationen kreativer Praxis. Es erwarten Sie Pr\u00e4sentationen zu innovativen Ans\u00e4tzen, klinischen Anwendungen der Kunsttherapie, ethischen \u00dcberlegungen und der Integration der Kunsttherapie in verschiedene kulturelle Kontexte. Es wird reichlich Gelegenheit geben, neue Kontakte zu kn\u00fcpfen, Wissen auszutauschen und an zuk\u00fcnftigen Projekten zusammenzuarbeiten.<\/span><span data-ccp-props=\"{&quot;134233117&quot;:true,&quot;134233118&quot;:true,&quot;201341983&quot;:0,&quot;335559740&quot;:240}\">\u00a0<\/span><\/p>\n<p><span data-contrast=\"auto\">Bei diesem Festival geht es nicht nur um die berufliche Weiterentwicklung; es ist auch eine Chance zur Erholung, mit kreativen R\u00e4umen zur Entspannung und Erneuerung der Energie in einer Umgebung, die das geistige Wohlbefinden f\u00f6rdern soll. Unsere begleitenden kulturellen und k\u00fcnstlerischen Programme bieten Momente der Inspiration und die M\u00f6glichkeit, sich mit der lokalen Kunstszene und internationalen Trends auseinanderzusetzen.<\/span><span data-ccp-props=\"{&quot;134233117&quot;:true,&quot;134233118&quot;:true,&quot;201341983&quot;:0,&quot;335559740&quot;:240}\">\u00a0<\/span><\/p>\n<p><span data-contrast=\"auto\">Ich freue mich, Sie in Prag und bei diesem unvergesslichen Fest der Kreativit\u00e4t, Heilung und Verbindung begr\u00fc\u00dfen zu d\u00fcrfen.<\/span><span data-ccp-props=\"{&quot;134233117&quot;:true,&quot;134233118&quot;:true,&quot;201341983&quot;:0,&quot;335559740&quot;:240}\">\u00a0<\/span><\/p>\n<p><span data-contrast=\"auto\">Herzliche Gr\u00fc\u00dfe,<\/span><span data-ccp-props=\"{&quot;134233117&quot;:true,&quot;134233118&quot;:true,&quot;201341983&quot;:0,&quot;335559740&quot;:240}\">\u00a0<\/span><\/p>\n<p><b><span data-contrast=\"auto\">PaedDr. Mgr. Marie Ben\u00ed\u010dkov\u00e1, Ph.D., DT-<\/span><\/b><br \/>\nPr\u00e4sidentin, MAUT Association und WATF 2025<\/p>\n<\/div>\n<\/div>\n<\/div>\n<\/div>\n","protected":false},"excerpt":{"rendered":"<p>Liebe Kolleginnen und Kollegen, liebe Freunde und Kunsttherapie-Interessierte,\u00a0 Es ist mir eine gro\u00dfe Freude, Sie zum World Art Therapy Festival einzuladen, das vom 26. bis 28. September 2025 im Hotel Ol\u0161anka in Prag stattfindet. Diese spannende Veranstaltung, die von der MAUT Association organisiert wird, bietet eine einzigartige Gelegenheit, mit Experten und Gleichgesinnten au s der  [&#8230;]<\/p>\n","protected":false},"author":213,"featured_media":0,"template":"","meta":{"_bbp_topic_count":0,"_bbp_reply_count":0,"_bbp_total_topic_count":0,"_bbp_total_reply_count":0,"_bbp_voice_count":0,"_bbp_anonymous_reply_count":0,"_bbp_topic_count_hidden":0,"_bbp_reply_count_hidden":0,"_bbp_forum_subforum_count":0,"_tribe_events_status":"","_tribe_events_status_reason":"","footnotes":""},"tags":[],"tribe_events_cat":[78],"class_list":["post-5149","tribe_events","type-tribe_events","status-publish","hentry","tribe_events_cat-tagungen-und-konferenzen","cat_tagungen-und-konferenzen"],"_links":{"self":[{"href":"https:\/\/www.dgft.de\/en\/wp-json\/wp\/v2\/tribe_events\/5149","targetHints":{"allow":["GET"]}}],"collection":[{"href":"https:\/\/www.dgft.de\/en\/wp-json\/wp\/v2\/tribe_events"}],"about":[{"href":"https:\/\/www.dgft.de\/en\/wp-json\/wp\/v2\/types\/tribe_events"}],"author":[{"embeddable":true,"href":"https:\/\/www.dgft.de\/en\/wp-json\/wp\/v2\/users\/213"}],"version-history":[{"count":4,"href":"https:\/\/www.dgft.de\/en\/wp-json\/wp\/v2\/tribe_events\/5149\/revisions"}],"predecessor-version":[{"id":5184,"href":"https:\/\/www.dgft.de\/en\/wp-json\/wp\/v2\/tribe_events\/5149\/revisions\/5184"}],"wp:attachment":[{"href":"https:\/\/www.dgft.de\/en\/wp-json\/wp\/v2\/media?parent=5149"}],"wp:term":[{"taxonomy":"post_tag","embeddable":true,"href":"https:\/\/www.dgft.de\/en\/wp-json\/wp\/v2\/tags?post=5149"},{"taxonomy":"tribe_events_cat","embeddable":true,"href":"https:\/\/www.dgft.de\/en\/wp-json\/wp\/v2\/tribe_events_cat?post=5149"}],"curies":[{"name":"wp","href":"https:\/\/api.w.org\/{rel}","templated":true}]}}

<p><span data-contrast="auto"><span class="">Liebe Kolleginnen und Kollegen, liebe Freunde und Kunsttherapie-Interessierte,</span></span><span data-ccp-props="{&quot;134233117&quot;:true,&quot;134233118&quot;:true,&quot;201341983&quot;:0,&quot;335559740&quot;:240}"> </span></p>
<p><span data-contrast="auto"><span class="">Es ist mir eine große Freude, Sie zum World Art Therapy Festival einzuladen, das vom 26. bis 28. September 2025 im Hotel Olšanka in Prag stattfindet. Diese spannende Veranstaltung, die von der MAUT Association organisiert wird, bietet eine einzigartige Gelegenheit, mit Experten und Gleichgesinnten au</span></span></p>
<p><span data-contrast="auto"><span class="">s der ganzen Welt in Kontakt zu treten, die eine gemeinsame Leidenschaft für Kunsttherapie und ihr transformatives Potenzial verbindet.</span></span><span data-ccp-props="{&quot;134233117&quot;:true,&quot;134233118&quot;:true,&quot;201341983&quot;:0,&quot;335559740&quot;:240}"> </span></p>
<p><span data-contrast="auto">Im Mittelpunkt des Festivals stehen fünf Schlüsselthemen, die zu tieferer Auseinandersetzung und Reflexion anregen sollen:</span><span data-ccp-props="{&quot;134233117&quot;:true,&quot;134233118&quot;:true,&quot;201341983&quot;:0,&quot;335559740&quot;:240}"> </span></p>
<ol>
<li><span data-contrast="auto">Zwischenmenschliche Beziehungen und Kommunikation</span><span data-ccp-props="{&quot;134233117&quot;:true,&quot;134233118&quot;:true,&quot;201341983&quot;:0,&quot;335559740&quot;:240}"> </span></li>
<li><span data-contrast="auto">Selbstentwicklung, Selbstbewusstsein und Selbstvertrauen</span><span data-ccp-props="{&quot;134233117&quot;:true,&quot;134233118&quot;:true,&quot;201341983&quot;:0,&quot;335559740&quot;:240}"> </span></li>
<li><span data-contrast="auto">Stress, Burnout, Entspannung und Spannungsabbau</span><span data-ccp-props="{&quot;134233117&quot;:true,&quot;134233118&quot;:true,&quot;201341983&quot;:0,&quot;335559740&quot;:240}"> </span></li>
<li><span data-contrast="auto">Der gegenwärtige Moment und die Virtualität</span><span data-ccp-props="{&quot;134233117&quot;:true,&quot;134233118&quot;:true,&quot;201341983&quot;:0,&quot;335559740&quot;:240}"> </span></li>
<li><span data-contrast="auto">Psychosomatik</span><span data-ccp-props="{&quot;134233117&quot;:true,&quot;134233118&quot;:true,&quot;201341983&quot;:0,&quot;335559740&quot;:240}"> </span></li>
</ol>
<div class="et_pb_row et_pb_row_6">
<div class="et_pb_column et_pb_column_3_5 et_pb_column_7 et_pb_css_mix_blend_mode_passthrough">
<div class="et_pb_module et_pb_text et_pb_text_5 et_pb_text_align_left et_pb_bg_layout_light">
<div class="et_pb_text_inner">
<p><span data-contrast="auto"><span class="">Unser Ziel ist es, einen Raum für Wachstum, Lernen und Verbindung zu schaffen. Wir heißen Fachleute aus verschiedenen Bereichen herzlich willkommen, darunter Kunsttherapeuten, Pädagogen, Psychologen, Physiotherapeuten, Ärzte und Studenten sowie Mitglieder der breiten Öffentlichkeit, die sich für Kunsttherapie, geistiges Wohlbefinden und einen gesunden Lebensstil interessieren. Auch Familien sind herzlich eingeladen, mitzumachen, denn die Aktivitäten sind für Teilnehmer jeden Alters gedacht.</span></span><span data-ccp-props="{&quot;134233117&quot;:true,&quot;134233118&quot;:true,&quot;201341983&quot;:0,&quot;335559740&quot;:240}"> </span></p>
</div>
</div>
</div>
</div>
<div class="et_pb_row et_pb_row_7">
<div class="et_pb_column et_pb_column_4_4 et_pb_column_9 et_pb_css_mix_blend_mode_passthrough et-last-child">
<div class="et_pb_module et_pb_text et_pb_text_6 et_pb_text_align_left et_pb_bg_layout_light">
<div class="et_pb_text_inner">
<p><span data-contrast="auto">Während des gesamten Festivals veranstalten wir ein vielfältiges Angebot an Aktivitäten, darunter Workshops, Podiumsdiskussionen, Vorträge und Demonstrationen kreativer Praxis. Es erwarten Sie Präsentationen zu innovativen Ansätzen, klinischen Anwendungen der Kunsttherapie, ethischen Überlegungen und der Integration der Kunsttherapie in verschiedene kulturelle Kontexte. Es wird reichlich Gelegenheit geben, neue Kontakte zu knüpfen, Wissen auszutauschen und an zukünftigen Projekten zusammenzuarbeiten.</span><span data-ccp-props="{&quot;134233117&quot;:true,&quot;134233118&quot;:true,&quot;201341983&quot;:0,&quot;335559740&quot;:240}"> </span></p>
<p><span data-contrast="auto">Bei diesem Festival geht es nicht nur um die berufliche Weiterentwicklung; es ist auch eine Chance zur Erholung, mit kreativen Räumen zur Entspannung und Erneuerung der Energie in einer Umgebung, die das geistige Wohlbefinden fördern soll. Unsere begleitenden kulturellen und künstlerischen Programme bieten Momente der Inspiration und die Möglichkeit, sich mit der lokalen Kunstszene und internationalen Trends auseinanderzusetzen.</span><span data-ccp-props="{&quot;134233117&quot;:true,&quot;134233118&quot;:true,&quot;201341983&quot;:0,&quot;335559740&quot;:240}"> </span></p>
<p><span data-contrast="auto">Ich freue mich, Sie in Prag und bei diesem unvergesslichen Fest der Kreativität, Heilung und Verbindung begrüßen zu dürfen.</span><span data-ccp-props="{&quot;134233117&quot;:true,&quot;134233118&quot;:true,&quot;201341983&quot;:0,&quot;335559740&quot;:240}"> </span></p>
<p><span data-contrast="auto">Herzliche Grüße,</span><span data-ccp-props="{&quot;134233117&quot;:true,&quot;134233118&quot;:true,&quot;201341983&quot;:0,&quot;335559740&quot;:240}"> </span></p>
<p><b><span data-contrast="auto">PaedDr. Mgr. Marie Beníčková, Ph.D., DT-</span></b><br />
Präsidentin, MAUT Association und WATF 2025</p>
</div>
</div>
</div>
</div>

<p>Liebe Kolleginnen und Kollegen, liebe Freunde und Kunsttherapie-Interessierte,  Es ist mir eine große Freude, Sie zum World Art Therapy Festival einzuladen, das vom 26. bis 28. September 2025 im Hotel Olšanka in Prag stattfindet. Diese spannende Veranstaltung, die von der MAUT Association organisiert wird, bietet eine einzigartige Gelegenheit, mit Experten und Gleichgesinnten au s der  [&#8230;]</p>
