{"id":5169,"date":"2025-01-28T10:01:46","date_gmt":"2025-01-28T09:01:46","guid":{"rendered":"https:\/\/www.dgft.de\/?post_type=tribe_events&#038;p=5169"},"modified":"2025-01-28T10:24:54","modified_gmt":"2025-01-28T09:24:54","slug":"internationale-sommerakademie","status":"publish","type":"tribe_events","link":"https:\/\/www.dgft.de\/en\/kalender\/internationale-sommerakademie\/","title":{"rendered":"Internationale Sommerakademie"},"content":{"rendered":"<p><strong>Internationale Sommerakademie<\/strong><\/p>\n<p><strong>Verwandlungen in einer versehrten Welt<br \/>\nTheatertherapie und die Krisen unserer Zeit<\/strong><\/p>\n<p>Angesichts\u00a0der vielf\u00e4ltigen Krisen\u00a0und globalen Herausforderungen\u00a0unserer Zeit m\u00f6chten wir uns\u00a0die Frage stellen: Wie k\u00f6nnen wir als Individuen und Gemeinschaften Resilienz entwickeln? Wie k\u00f6nnen wir mit Gef\u00fchlen von Trauer, Ohnmacht und Angst umgehen? Wie k\u00f6nnen wir Erfahrungen von Transformation und Verbundenheit schaffen, die es uns erm\u00f6glichen, den Herausforderungen unserer Zeit mit Mut und Kreativit\u00e4t zu begegnen?<\/p>\n<p>F\u00fcr die diesj\u00e4hrige Sommerakademie konnten wir internationale Theatertherapeut*innen und Expert*innen aus verwandten Feldern gewinnen, die in ihrer Arbeit Wege verfolgen, mit den M\u00f6glichkeiten von Kunst und Therapie in den Krisen unserer Zeit zu wirken. In unterschiedlichen Zusammenh\u00e4ngen schaffen sie Erfahrungsr\u00e4ume, um nach M\u00f6glichkeiten der Transformation zu tasten und\/oder ganz konkret Entwicklungsprozesse zu begleiten, die Neues in die Welt bringen: neue Verbindungen schaffen, neue Perspektiven erm\u00f6glichen, neue Geschichten erz\u00e4hlen.<br \/>\nDas Programm erscheint in K\u00fcrze <a href=\"https:\/\/www.theatertherapie.org\/intern-sommerakademie\/\" target=\"_blank\" rel=\"noopener\">hier<\/a>,<\/p>\n","protected":false},"excerpt":{"rendered":"<p>Internationale Sommerakademie Verwandlungen in einer versehrten Welt Theatertherapie und die Krisen unserer Zeit Angesichts\u00a0der vielf\u00e4ltigen Krisen\u00a0und globalen Herausforderungen\u00a0unserer Zeit m\u00f6chten wir uns\u00a0die Frage stellen: Wie k\u00f6nnen wir als Individuen und Gemeinschaften Resilienz entwickeln? Wie k\u00f6nnen wir mit Gef\u00fchlen von Trauer, Ohnmacht und Angst umgehen? Wie k\u00f6nnen wir Erfahrungen von Transformation und Verbundenheit schaffen, die es  [&#8230;]<\/p>\n","protected":false},"author":213,"featured_media":0,"template":"","meta":{"_bbp_topic_count":0,"_bbp_reply_count":0,"_bbp_total_topic_count":0,"_bbp_total_reply_count":0,"_bbp_voice_count":0,"_bbp_anonymous_reply_count":0,"_bbp_topic_count_hidden":0,"_bbp_reply_count_hidden":0,"_bbp_forum_subforum_count":0,"_tribe_events_status":"","_tribe_events_status_reason":"","footnotes":""},"tags":[],"tribe_events_cat":[78],"class_list":["post-5169","tribe_events","type-tribe_events","status-publish","hentry","tribe_events_cat-tagungen-und-konferenzen","cat_tagungen-und-konferenzen"],"_links":{"self":[{"href":"https:\/\/www.dgft.de\/en\/wp-json\/wp\/v2\/tribe_events\/5169","targetHints":{"allow":["GET"]}}],"collection":[{"href":"https:\/\/www.dgft.de\/en\/wp-json\/wp\/v2\/tribe_events"}],"about":[{"href":"https:\/\/www.dgft.de\/en\/wp-json\/wp\/v2\/types\/tribe_events"}],"author":[{"embeddable":true,"href":"https:\/\/www.dgft.de\/en\/wp-json\/wp\/v2\/users\/213"}],"version-history":[{"count":1,"href":"https:\/\/www.dgft.de\/en\/wp-json\/wp\/v2\/tribe_events\/5169\/revisions"}],"predecessor-version":[{"id":5170,"href":"https:\/\/www.dgft.de\/en\/wp-json\/wp\/v2\/tribe_events\/5169\/revisions\/5170"}],"wp:attachment":[{"href":"https:\/\/www.dgft.de\/en\/wp-json\/wp\/v2\/media?parent=5169"}],"wp:term":[{"taxonomy":"post_tag","embeddable":true,"href":"https:\/\/www.dgft.de\/en\/wp-json\/wp\/v2\/tags?post=5169"},{"taxonomy":"tribe_events_cat","embeddable":true,"href":"https:\/\/www.dgft.de\/en\/wp-json\/wp\/v2\/tribe_events_cat?post=5169"}],"curies":[{"name":"wp","href":"https:\/\/api.w.org\/{rel}","templated":true}]}}

<p><strong>Internationale Sommerakademie</strong></p>
<p><strong>Verwandlungen in einer versehrten Welt<br />
Theatertherapie und die Krisen unserer Zeit</strong></p>
<p>Angesichts der vielfältigen Krisen und globalen Herausforderungen unserer Zeit möchten wir uns die Frage stellen: Wie können wir als Individuen und Gemeinschaften Resilienz entwickeln? Wie können wir mit Gefühlen von Trauer, Ohnmacht und Angst umgehen? Wie können wir Erfahrungen von Transformation und Verbundenheit schaffen, die es uns ermöglichen, den Herausforderungen unserer Zeit mit Mut und Kreativität zu begegnen?</p>
<p>Für die diesjährige Sommerakademie konnten wir internationale Theatertherapeut*innen und Expert*innen aus verwandten Feldern gewinnen, die in ihrer Arbeit Wege verfolgen, mit den Möglichkeiten von Kunst und Therapie in den Krisen unserer Zeit zu wirken. In unterschiedlichen Zusammenhängen schaffen sie Erfahrungsräume, um nach Möglichkeiten der Transformation zu tasten und/oder ganz konkret Entwicklungsprozesse zu begleiten, die Neues in die Welt bringen: neue Verbindungen schaffen, neue Perspektiven ermöglichen, neue Geschichten erzählen.<br />
Das Programm erscheint in Kürze <a href="https://www.theatertherapie.org/intern-sommerakademie/" target="_blank" rel="noopener">hier</a>,</p>

<p>Internationale Sommerakademie Verwandlungen in einer versehrten Welt Theatertherapie und die Krisen unserer Zeit Angesichts der vielfältigen Krisen und globalen Herausforderungen unserer Zeit möchten wir uns die Frage stellen: Wie können wir als Individuen und Gemeinschaften Resilienz entwickeln? Wie können wir mit Gefühlen von Trauer, Ohnmacht und Angst umgehen? Wie können wir Erfahrungen von Transformation und Verbundenheit schaffen, die es  [&#8230;]</p>
