{"id":5182,"date":"2025-01-28T10:22:18","date_gmt":"2025-01-28T09:22:18","guid":{"rendered":"https:\/\/www.dgft.de\/?post_type=tribe_events&#038;p=5182"},"modified":"2026-01-27T21:17:23","modified_gmt":"2026-01-27T20:17:23","slug":"klinische-online-intervisionsgruppe-6","status":"publish","type":"tribe_events","link":"https:\/\/www.dgft.de\/en\/kalender\/klinische-online-intervisionsgruppe-6\/","title":{"rendered":"Klinische Online-Intervisionsgruppe"},"content":{"rendered":"<p>Die Intervision ist ein offenes, unverbindliches Angebot: Wer Zeit hat, kommt einfach dazu. Eine feste Anmeldung f\u00fcr einzelne Termine ist nicht n\u00f6tig. Sobald mindestens zwei Personen da sind, kann der Austausch starten.<\/p>\n<p>Die Gruppe richtet sich ausschlie\u00dflich an klinisch arbeitende Theatertherapeut*innen.<\/p>\n<p>Bei Interesse meldet euch gerne, um in den Verteiler aufgenommen zu werden:<\/p>\n<p dir=\"auto\"><a class=\"mailto-link\" href=\"mailto:katrinroehlig@googlemail.com\" target=\"_blank\" rel=\"noopener\">katrinroehlig@googlemail.com<\/a><\/p>\n","protected":false},"excerpt":{"rendered":"<p>Die Intervision ist ein offenes, unverbindliches Angebot: Wer Zeit hat, kommt einfach dazu. Eine feste Anmeldung f\u00fcr einzelne Termine ist nicht n\u00f6tig. Sobald mindestens zwei Personen da sind, kann der Austausch starten. Die Gruppe richtet sich ausschlie\u00dflich an klinisch arbeitende Theatertherapeut*innen. Bei Interesse meldet euch gerne, um in den Verteiler aufgenommen zu werden: katrinroehlig@googlemail.com<\/p>\n","protected":false},"author":213,"featured_media":0,"template":"","meta":{"_bbp_topic_count":0,"_bbp_reply_count":0,"_bbp_total_topic_count":0,"_bbp_total_reply_count":0,"_bbp_voice_count":0,"_bbp_anonymous_reply_count":0,"_bbp_topic_count_hidden":0,"_bbp_reply_count_hidden":0,"_bbp_forum_subforum_count":0,"_tribe_events_status":"","_tribe_events_status_reason":"","footnotes":""},"tags":[],"tribe_events_cat":[80],"class_list":["post-5182","tribe_events","type-tribe_events","status-publish","hentry","tribe_events_cat-netzwerktreffen","cat_netzwerktreffen"],"_links":{"self":[{"href":"https:\/\/www.dgft.de\/en\/wp-json\/wp\/v2\/tribe_events\/5182","targetHints":{"allow":["GET"]}}],"collection":[{"href":"https:\/\/www.dgft.de\/en\/wp-json\/wp\/v2\/tribe_events"}],"about":[{"href":"https:\/\/www.dgft.de\/en\/wp-json\/wp\/v2\/types\/tribe_events"}],"author":[{"embeddable":true,"href":"https:\/\/www.dgft.de\/en\/wp-json\/wp\/v2\/users\/213"}],"version-history":[{"count":3,"href":"https:\/\/www.dgft.de\/en\/wp-json\/wp\/v2\/tribe_events\/5182\/revisions"}],"predecessor-version":[{"id":5382,"href":"https:\/\/www.dgft.de\/en\/wp-json\/wp\/v2\/tribe_events\/5182\/revisions\/5382"}],"wp:attachment":[{"href":"https:\/\/www.dgft.de\/en\/wp-json\/wp\/v2\/media?parent=5182"}],"wp:term":[{"taxonomy":"post_tag","embeddable":true,"href":"https:\/\/www.dgft.de\/en\/wp-json\/wp\/v2\/tags?post=5182"},{"taxonomy":"tribe_events_cat","embeddable":true,"href":"https:\/\/www.dgft.de\/en\/wp-json\/wp\/v2\/tribe_events_cat?post=5182"}],"curies":[{"name":"wp","href":"https:\/\/api.w.org\/{rel}","templated":true}]}}

<p>Die Intervision ist ein offenes, unverbindliches Angebot: Wer Zeit hat, kommt einfach dazu. Eine feste Anmeldung für einzelne Termine ist nicht nötig. Sobald mindestens zwei Personen da sind, kann der Austausch starten.</p>
<p>Die Gruppe richtet sich ausschließlich an klinisch arbeitende Theatertherapeut*innen.</p>
<p>Bei Interesse meldet euch gerne, um in den Verteiler aufgenommen zu werden:</p>
<p dir="auto"><a class="mailto-link" href="mailto:katrinroehlig@googlemail.com" target="_blank" rel="noopener">katrinroehlig@googlemail.com</a></p>

<p>Die Intervision ist ein offenes, unverbindliches Angebot: Wer Zeit hat, kommt einfach dazu. Eine feste Anmeldung für einzelne Termine ist nicht nötig. Sobald mindestens zwei Personen da sind, kann der Austausch starten. Die Gruppe richtet sich ausschließlich an klinisch arbeitende Theatertherapeut*innen. Bei Interesse meldet euch gerne, um in den Verteiler aufgenommen zu werden: katrinroehlig@googlemail.com</p>
